{"id":928,"date":"2024-02-06T09:27:14","date_gmt":"2024-02-06T09:27:14","guid":{"rendered":"https:\/\/www.afmainsercio.org\/?page_id=928"},"modified":"2024-02-16T14:02:25","modified_gmt":"2024-02-16T14:02:25","slug":"lloguer-social","status":"publish","type":"page","link":"https:\/\/www.afmainsercio.org\/es\/lloguer-social\/","title":{"rendered":"Alquiler social"},"content":{"rendered":"<div id=\"fws_69f40a9ab9699\"  data-column-margin=\"default\" data-midnight=\"dark\"  class=\"wpb_row vc_row-fluid vc_row  right_padding_30px left_padding_30px\"  style=\"padding-top: 30px; padding-bottom: 30px; \"><div class=\"row-bg-wrap\" data-bg-animation=\"none\" data-bg-animation-delay=\"\" data-bg-overlay=\"false\"><div class=\"inner-wrap row-bg-layer\" ><div class=\"row-bg viewport-desktop\"  style=\"\"><\/div><\/div><\/div><div class=\"row_col_wrap_12 col span_12 dark left\">\n\t<div  class=\"vc_col-sm-12 wpb_column column_container vc_column_container col no-extra-padding inherit_tablet inherit_phone\"  data-padding-pos=\"all\" data-has-bg-color=\"false\" data-bg-color=\"\" data-bg-opacity=\"1\" data-animation=\"\" data-delay=\"0\" >\n\t\t<div class=\"vc_column-inner\" >\n\t\t\t<div class=\"wpb_wrapper\">\n\t\t\t\t\n<div class=\"wpb_text_column wpb_content_element\" >\n\t<p>Proporcionamos viviendas a entidades que atienden a colectivos en situaci\u00f3n de vulnerabilidad social (personas con discapacidad o inteligencia l\u00edmite, sin hogar, reci\u00e9n llegadas, etc.). En 2020 firmamos un convenio con <a href=\"https:\/\/fundaciomambre.org\/\" target=\"_blank\" rel=\"noopener\">Fundaci\u00f3n Mambr\u00e9<\/a>, y en 2022 establecimos alianzas con <strong>Asociaci\u00f3n Sunday Comunidad Laical Solidaria<\/strong> y la<a href=\"https:\/\/www.acidh.org\/\" target=\"_blank\" rel=\"noopener\">Asociaci\u00f3n Catalana de Integraci\u00f3n y Desarrollo Humano (acidH)<\/a>. Actualmente disponemos de pisos sociales en Barcelona, \u200b\u200bSant Feliu de Llobregat y Montcada i Reixac.<\/p>\n<p>\u00a0<\/p>\n<\/div>\n\n\n\n\n\t\t\t<\/div> \n\t\t<\/div>\n\t<\/div> \n<\/div><\/div>","protected":false},"excerpt":{"rendered":"Proporcionem habitatges a entitats que atenen col\u00b7lectius en situaci\u00f3 de vulnerabilitat social (persones amb discapacitat o intel\u00b7lig\u00e8ncia l\u00edmit, sense llar, nouvingudes, etc.). L'any 2020 vam signar un conveni amb Fundaci\u00f3...","protected":false},"author":1,"featured_media":0,"parent":0,"menu_order":0,"comment_status":"closed","ping_status":"closed","template":"","meta":{"footnotes":""},"class_list":["post-928","page","type-page","status-publish"],"_links":{"self":[{"href":"https:\/\/www.afmainsercio.org\/es\/wp-json\/wp\/v2\/pages\/928","targetHints":{"allow":["GET"]}}],"collection":[{"href":"https:\/\/www.afmainsercio.org\/es\/wp-json\/wp\/v2\/pages"}],"about":[{"href":"https:\/\/www.afmainsercio.org\/es\/wp-json\/wp\/v2\/types\/page"}],"author":[{"embeddable":true,"href":"https:\/\/www.afmainsercio.org\/es\/wp-json\/wp\/v2\/users\/1"}],"replies":[{"embeddable":true,"href":"https:\/\/www.afmainsercio.org\/es\/wp-json\/wp\/v2\/comments?post=928"}],"version-history":[{"count":11,"href":"https:\/\/www.afmainsercio.org\/es\/wp-json\/wp\/v2\/pages\/928\/revisions"}],"predecessor-version":[{"id":1151,"href":"https:\/\/www.afmainsercio.org\/es\/wp-json\/wp\/v2\/pages\/928\/revisions\/1151"}],"wp:attachment":[{"href":"https:\/\/www.afmainsercio.org\/es\/wp-json\/wp\/v2\/media?parent=928"}],"curies":[{"name":"wp","href":"https:\/\/api.w.org\/{rel}","templated":true}]}}

<div id="fws_69f40a9ab9699"  data-column-margin="default" data-midnight="dark"  class="wpb_row vc_row-fluid vc_row  right_padding_30px left_padding_30px"  style="padding-top: 30px; padding-bottom: 30px; "><div class="row-bg-wrap" data-bg-animation="none" data-bg-animation-delay="" data-bg-overlay="false"><div class="inner-wrap row-bg-layer" ><div class="row-bg viewport-desktop"  style=""></div></div></div><div class="row_col_wrap_12 col span_12 dark left">
	<div  class="vc_col-sm-12 wpb_column column_container vc_column_container col no-extra-padding inherit_tablet inherit_phone"  data-padding-pos="all" data-has-bg-color="false" data-bg-color="" data-bg-opacity="1" data-animation="" data-delay="0" >
		<div class="vc_column-inner" >
			<div class="wpb_wrapper">
				
<div class="wpb_text_column wpb_content_element" >
	<p>Proporcionamos viviendas a entidades que atienden a colectivos en situación de vulnerabilidad social (personas con discapacidad o inteligencia límite, sin hogar, recién llegadas, etc.). En 2020 firmamos un convenio con <a href="https://fundaciomambre.org/" target="_blank" rel="noopener">Fundación Mambré</a>, y en 2022 establecimos alianzas con <strong>Asociación Sunday Comunidad Laical Solidaria</strong> y la<a href="https://www.acidh.org/" target="_blank" rel="noopener">Asociación Catalana de Integración y Desarrollo Humano (acidH)</a>. Actualmente disponemos de pisos sociales en Barcelona, ​​Sant Feliu de Llobregat y Montcada i Reixac.</p>
<p> </p>
</div>




			</div> 
		</div>
	</div> 
</div></div>

Proporcionem habitatges a entitats que atenen col·lectius en situació de vulnerabilitat social (persones amb discapacitat o intel·ligència límit, sense llar, nouvingudes, etc.). L'any 2020 vam signar un conveni amb Fundació...
