{"id":57,"date":"2012-02-12T11:59:59","date_gmt":"2012-02-12T11:59:59","guid":{"rendered":"http:\/\/www.afmainsercio.org\/?page_id=57"},"modified":"2024-02-16T14:09:57","modified_gmt":"2024-02-16T14:09:57","slug":"presentacio","status":"publish","type":"page","link":"https:\/\/www.afmainsercio.org\/es\/presentacio\/","title":{"rendered":"Somos"},"content":{"rendered":"<div id=\"fws_69f45e33e53d6\"  data-column-margin=\"default\" data-midnight=\"dark\"  class=\"wpb_row vc_row-fluid vc_row  right_padding_30px left_padding_30px\"  style=\"padding-top: 30px; padding-bottom: 30px; \"><div class=\"row-bg-wrap\" data-bg-animation=\"none\" data-bg-animation-delay=\"\" data-bg-overlay=\"false\"><div class=\"inner-wrap row-bg-layer\" ><div class=\"row-bg viewport-desktop\"  style=\"\"><\/div><\/div><\/div><div class=\"row_col_wrap_12 col span_12 dark left\">\n\t<div  class=\"vc_col-sm-12 wpb_column column_container vc_column_container col no-extra-padding inherit_tablet inherit_phone\"  data-padding-pos=\"all\" data-has-bg-color=\"false\" data-bg-color=\"\" data-bg-opacity=\"1\" data-animation=\"\" data-delay=\"0\" >\n\t\t<div class=\"vc_column-inner\" >\n\t\t\t<div class=\"wpb_wrapper\">\n\t\t\t\t\n<div class=\"wpb_text_column wpb_content_element\" >\n\t<p><!--vcv no format--><\/p>\n<div class=\"vce-row-container\" data-vce-boxed-width=\"true\">\n<div id=\"el-9efdf15b\" class=\"vce-row vce-row--col-gap-30 vce-row-equal-height vce-row-content--top\" data-vce-do-apply=\"all el-9efdf15b\">\n<div class=\"vce-row-content\" data-vce-element-content=\"true\">\n<div id=\"el-05a22780\" class=\"vce-col vce-col--md-auto vce-col--xs-1 vce-col--xs-last vce-col--xs-first vce-col--sm-last vce-col--sm-first vce-col--md-last vce-col--lg-last vce-col--xl-last vce-col--md-first vce-col--lg-first vce-col--xl-first\">\n<div class=\"vce-col-inner\" data-vce-do-apply=\"border margin background el-05a22780\">\n<div class=\"vce-col-content\" data-vce-element-content=\"true\" data-vce-do-apply=\"padding el-05a22780\">\n<div class=\"vce-text-block\">\n<div id=\"el-035d639f\" class=\"vce-text-block-wrapper vce\" data-vce-do-apply=\"all el-035d639f\">\n<p style=\"text-align: justify;\">Fundaci\u00f3 Privada AFMA \u00e9s una <strong>entitat sense \u00e0nim de lucre<\/strong> constitu\u00efda el 4 de juliol de 2006. La iniciativa de la Fundaci\u00f3 va partir de l\u2019Associaci\u00f3 per al Foment de les Mesures Alternatives (AFMA), creada l\u2019any 1997 per promoure la <strong>inserci\u00f3 sociolaboral de col\u00b7lectius en risc d\u2019exclusi\u00f3<\/strong> i especialitzada en la realitzaci\u00f3 de serveis forestals, reformes i mudances amb poblaci\u00f3 reclusa.<\/p>\n<p>La Fundaci\u00f3 fa de pont entre empreses privades, entitats socials i administracions p\u00fabliques per aconseguir la integraci\u00f3 laboral de col\u00b7lectius vulnerables o en risc d&#8217;exclusi\u00f3 (joves nouvinguts, aturats de llarga durada, etc.).<\/p>\n<p>Tot i que el nostre \u00e0mbit geogr\u00e0fic prioritari \u00e9s Catalunya, tamb\u00e9 actuem en altres llocs de la pen\u00ednsula en col\u00b7laboraci\u00f3 amb altres entitats socials i ONGs per sumar esfor\u00e7os i cobrir les necessitats fonamentals de treball i habitatge.<\/p>\n<p style=\"text-align: justify;\">Des de l&#8217;1 de desembre de 2006, la Fundaci\u00f3 es troba inscrita al Registre de Fundacions de la Generalitat de Catalunya amb el n\u00famero 2272.<\/p>\n<p style=\"text-align: justify;\">Amb data 15 de febrer de 2010, el Departament de Treball de la Generalitat de Catalunya va resoldre inscriure la Fundaci\u00f3 AFMA en el cens d\u2019entitats col\u00b7laboradores d\u2019inserci\u00f3 amb efectes jur\u00eddics de 16 de desembre de 2009.<\/p>\n<\/div>\n<\/div>\n<\/div>\n<\/div>\n<\/div>\n<\/div>\n<\/div>\n<\/div>\n<\/div>\n\n\n\n\n\t\t\t<\/div> \n\t\t<\/div>\n\t<\/div> \n<\/div><\/div>","protected":false},"excerpt":{"rendered":"Fundaci\u00f3 Privada AFMA \u00e9s una entitat sense \u00e0nim de lucre constitu\u00efda el 4 de juliol de 2006. La iniciativa de la Fundaci\u00f3 va partir de l\u2019Associaci\u00f3 per al Foment de...","protected":false},"author":1,"featured_media":0,"parent":0,"menu_order":0,"comment_status":"open","ping_status":"open","template":"","meta":{"footnotes":""},"class_list":["post-57","page","type-page","status-publish"],"_links":{"self":[{"href":"https:\/\/www.afmainsercio.org\/es\/wp-json\/wp\/v2\/pages\/57","targetHints":{"allow":["GET"]}}],"collection":[{"href":"https:\/\/www.afmainsercio.org\/es\/wp-json\/wp\/v2\/pages"}],"about":[{"href":"https:\/\/www.afmainsercio.org\/es\/wp-json\/wp\/v2\/types\/page"}],"author":[{"embeddable":true,"href":"https:\/\/www.afmainsercio.org\/es\/wp-json\/wp\/v2\/users\/1"}],"replies":[{"embeddable":true,"href":"https:\/\/www.afmainsercio.org\/es\/wp-json\/wp\/v2\/comments?post=57"}],"version-history":[{"count":35,"href":"https:\/\/www.afmainsercio.org\/es\/wp-json\/wp\/v2\/pages\/57\/revisions"}],"predecessor-version":[{"id":1152,"href":"https:\/\/www.afmainsercio.org\/es\/wp-json\/wp\/v2\/pages\/57\/revisions\/1152"}],"wp:attachment":[{"href":"https:\/\/www.afmainsercio.org\/es\/wp-json\/wp\/v2\/media?parent=57"}],"curies":[{"name":"wp","href":"https:\/\/api.w.org\/{rel}","templated":true}]}}

<div id="fws_69f45e33e53d6"  data-column-margin="default" data-midnight="dark"  class="wpb_row vc_row-fluid vc_row  right_padding_30px left_padding_30px"  style="padding-top: 30px; padding-bottom: 30px; "><div class="row-bg-wrap" data-bg-animation="none" data-bg-animation-delay="" data-bg-overlay="false"><div class="inner-wrap row-bg-layer" ><div class="row-bg viewport-desktop"  style=""></div></div></div><div class="row_col_wrap_12 col span_12 dark left">
	<div  class="vc_col-sm-12 wpb_column column_container vc_column_container col no-extra-padding inherit_tablet inherit_phone"  data-padding-pos="all" data-has-bg-color="false" data-bg-color="" data-bg-opacity="1" data-animation="" data-delay="0" >
		<div class="vc_column-inner" >
			<div class="wpb_wrapper">
				
<div class="wpb_text_column wpb_content_element" >
	<p><!--vcv no format--></p>
<div class="vce-row-container" data-vce-boxed-width="true">
<div id="el-9efdf15b" class="vce-row vce-row--col-gap-30 vce-row-equal-height vce-row-content--top" data-vce-do-apply="all el-9efdf15b">
<div class="vce-row-content" data-vce-element-content="true">
<div id="el-05a22780" class="vce-col vce-col--md-auto vce-col--xs-1 vce-col--xs-last vce-col--xs-first vce-col--sm-last vce-col--sm-first vce-col--md-last vce-col--lg-last vce-col--xl-last vce-col--md-first vce-col--lg-first vce-col--xl-first">
<div class="vce-col-inner" data-vce-do-apply="border margin background el-05a22780">
<div class="vce-col-content" data-vce-element-content="true" data-vce-do-apply="padding el-05a22780">
<div class="vce-text-block">
<div id="el-035d639f" class="vce-text-block-wrapper vce" data-vce-do-apply="all el-035d639f">
<p style="text-align: justify;">Fundació Privada AFMA és una <strong>entitat sense ànim de lucre</strong> constituïda el 4 de juliol de 2006. La iniciativa de la Fundació va partir de l’Associació per al Foment de les Mesures Alternatives (AFMA), creada l’any 1997 per promoure la <strong>inserció sociolaboral de col·lectius en risc d’exclusió</strong> i especialitzada en la realització de serveis forestals, reformes i mudances amb població reclusa.</p>
<p>La Fundació fa de pont entre empreses privades, entitats socials i administracions públiques per aconseguir la integració laboral de col·lectius vulnerables o en risc d&#8217;exclusió (joves nouvinguts, aturats de llarga durada, etc.).</p>
<p>Tot i que el nostre àmbit geogràfic prioritari és Catalunya, també actuem en altres llocs de la península en col·laboració amb altres entitats socials i ONGs per sumar esforços i cobrir les necessitats fonamentals de treball i habitatge.</p>
<p style="text-align: justify;">Des de l&#8217;1 de desembre de 2006, la Fundació es troba inscrita al Registre de Fundacions de la Generalitat de Catalunya amb el número 2272.</p>
<p style="text-align: justify;">Amb data 15 de febrer de 2010, el Departament de Treball de la Generalitat de Catalunya va resoldre inscriure la Fundació AFMA en el cens d’entitats col·laboradores d’inserció amb efectes jurídics de 16 de desembre de 2009.</p>
</div>
</div>
</div>
</div>
</div>
</div>
</div>
</div>
</div>




			</div> 
		</div>
	</div> 
</div></div>

Fundació Privada AFMA és una entitat sense ànim de lucre constituïda el 4 de juliol de 2006. La iniciativa de la Fundació va partir de l’Associació per al Foment de...
