{"id":928,"date":"2024-02-06T09:27:14","date_gmt":"2024-02-06T09:27:14","guid":{"rendered":"https:\/\/www.afmainsercio.org\/?page_id=928"},"modified":"2024-02-16T14:02:25","modified_gmt":"2024-02-16T14:02:25","slug":"lloguer-social","status":"publish","type":"page","link":"http:\/\/www.afmainsercio.org\/ca\/lloguer-social\/","title":{"rendered":"Lloguer social"},"content":{"rendered":"\n\t\t<div id=\"fws_69f5db7107a0d\"  data-column-margin=\"default\" data-midnight=\"dark\"  class=\"wpb_row vc_row-fluid vc_row  right_padding_30px left_padding_30px\"  style=\"padding-top: 30px; padding-bottom: 30px; \"><div class=\"row-bg-wrap\" data-bg-animation=\"none\" data-bg-animation-delay=\"\" data-bg-overlay=\"false\"><div class=\"inner-wrap row-bg-layer\" ><div class=\"row-bg viewport-desktop\"  style=\"\"><\/div><\/div><\/div><div class=\"row_col_wrap_12 col span_12 dark left\">\n\t<div  class=\"vc_col-sm-12 wpb_column column_container vc_column_container col no-extra-padding inherit_tablet inherit_phone \"  data-padding-pos=\"all\" data-has-bg-color=\"false\" data-bg-color=\"\" data-bg-opacity=\"1\" data-animation=\"\" data-delay=\"0\" >\n\t\t<div class=\"vc_column-inner\" >\n\t\t\t<div class=\"wpb_wrapper\">\n\t\t\t\t\n<div class=\"wpb_text_column wpb_content_element \" >\n\t<p>Proporcionem habitatges a entitats que atenen col\u00b7lectius en situaci\u00f3 de vulnerabilitat social (persones amb discapacitat o intel\u00b7lig\u00e8ncia l\u00edmit, sense llar, nouvingudes, etc.). L&#8217;any 2020 vam signar un conveni amb <a href=\"https:\/\/fundaciomambre.org\/\" target=\"_blank\" rel=\"noopener\">Fundaci\u00f3 Mambr\u00e9<\/a>, i l&#8217;any 2022 vam establir aliances amb <strong>Associaci\u00f3 Sunday Comunitat La\u00efcal Solid\u00e0ria<\/strong> i l&#8217;<a href=\"https:\/\/www.acidh.org\/\" target=\"_blank\" rel=\"noopener\">Associaci\u00f3 Catalana d&#8217;Integraci\u00f3 i Desenvolupament Hum\u00e0 (acidH)<\/a>. Actualment disposem de pisos socials a Barcelona, Sant Feliu de Llobregat i Montcada i Reixac.<\/p>\n<p>\u00a0<\/p>\n<\/div>\n\n\n\n\n\t\t\t<\/div> \n\t\t<\/div>\n\t<\/div> \n<\/div><\/div>","protected":false},"excerpt":{"rendered":"Proporcionem habitatges a entitats que atenen col\u00b7lectius en situaci\u00f3 de vulnerabilitat social (persones amb discapacitat o intel\u00b7lig\u00e8ncia l\u00edmit, sense llar, nouvingudes, etc.). L'any 2020 vam signar un conveni amb Fundaci\u00f3...","protected":false},"author":1,"featured_media":0,"parent":0,"menu_order":0,"comment_status":"closed","ping_status":"closed","template":"","meta":{"footnotes":""},"class_list":["post-928","page","type-page","status-publish"],"_links":{"self":[{"href":"http:\/\/www.afmainsercio.org\/ca\/wp-json\/wp\/v2\/pages\/928","targetHints":{"allow":["GET"]}}],"collection":[{"href":"http:\/\/www.afmainsercio.org\/ca\/wp-json\/wp\/v2\/pages"}],"about":[{"href":"http:\/\/www.afmainsercio.org\/ca\/wp-json\/wp\/v2\/types\/page"}],"author":[{"embeddable":true,"href":"http:\/\/www.afmainsercio.org\/ca\/wp-json\/wp\/v2\/users\/1"}],"replies":[{"embeddable":true,"href":"http:\/\/www.afmainsercio.org\/ca\/wp-json\/wp\/v2\/comments?post=928"}],"version-history":[{"count":11,"href":"http:\/\/www.afmainsercio.org\/ca\/wp-json\/wp\/v2\/pages\/928\/revisions"}],"predecessor-version":[{"id":1151,"href":"http:\/\/www.afmainsercio.org\/ca\/wp-json\/wp\/v2\/pages\/928\/revisions\/1151"}],"wp:attachment":[{"href":"http:\/\/www.afmainsercio.org\/ca\/wp-json\/wp\/v2\/media?parent=928"}],"curies":[{"name":"wp","href":"https:\/\/api.w.org\/{rel}","templated":true}]}}

<div id="fws_69f5db7107a0d"  data-column-margin="default" data-midnight="dark"  class="wpb_row vc_row-fluid vc_row  right_padding_30px left_padding_30px"  style="padding-top: 30px; padding-bottom: 30px; "><div class="row-bg-wrap" data-bg-animation="none" data-bg-animation-delay="" data-bg-overlay="false"><div class="inner-wrap row-bg-layer" ><div class="row-bg viewport-desktop"  style=""></div></div></div><div class="row_col_wrap_12 col span_12 dark left">
	<div  class="vc_col-sm-12 wpb_column column_container vc_column_container col no-extra-padding inherit_tablet inherit_phone "  data-padding-pos="all" data-has-bg-color="false" data-bg-color="" data-bg-opacity="1" data-animation="" data-delay="0" >
		<div class="vc_column-inner" >
			<div class="wpb_wrapper">
				
<div class="wpb_text_column wpb_content_element " >
	<p>Proporcionem habitatges a entitats que atenen col·lectius en situació de vulnerabilitat social (persones amb discapacitat o intel·ligència límit, sense llar, nouvingudes, etc.). L&#8217;any 2020 vam signar un conveni amb <a href="https://fundaciomambre.org/" target="_blank" rel="noopener">Fundació Mambré</a>, i l&#8217;any 2022 vam establir aliances amb <strong>Associació Sunday Comunitat Laïcal Solidària</strong> i l&#8217;<a href="https://www.acidh.org/" target="_blank" rel="noopener">Associació Catalana d&#8217;Integració i Desenvolupament Humà (acidH)</a>. Actualment disposem de pisos socials a Barcelona, Sant Feliu de Llobregat i Montcada i Reixac.</p>
<p> </p>
</div>




			</div> 
		</div>
	</div> 
</div></div>

Proporcionem habitatges a entitats que atenen col·lectius en situació de vulnerabilitat social (persones amb discapacitat o intel·ligència límit, sense llar, nouvingudes, etc.). L'any 2020 vam signar un conveni amb Fundació...
